{"id":5283,"date":"2024-01-08T15:05:41","date_gmt":"2024-01-08T14:05:41","guid":{"rendered":"https:\/\/www.certifer.eu\/?page_id=5283"},"modified":"2024-05-21T16:20:52","modified_gmt":"2024-05-21T14:20:52","slug":"datenschutzregelungen","status":"publish","type":"page","link":"https:\/\/www.certifer.eu\/de\/datenschutzregelungen\/","title":{"rendered":"Datenschutzregelungen"},"content":{"rendered":"<div  class=\"keblk keblk-v-align-top keblock-section-lame responsive is-padded bg-none \"   style=\"\"  id=\"\">\r\n\t\r\n\t\t<div class=\"block-content\">\r\n                    \n<div  class=\"keblk keblk-v-align-top keblock-text\" >\r\n\t\r\n\t\t\r\n\t<div class=\"block-content\">\t\r\n\t\n\n<p>In dieser Datenschutzerkl\u00e4rung erl\u00e4utern wir, was wir mit den Daten tun, die wir \u00fcber https:\/\/www.certifer.eu \u00fcber Sie erhalten. Wir empfehlen Ihnen, diese Erkl\u00e4rung sorgf\u00e4ltig zu lesen. Bei der Verarbeitung Ihrer Daten halten wir uns an die Anforderungen der Datenschutzgesetze.<\/p>\n\n\n\n<p>Dies bedeutet unter anderem, dass:<\/p>\n\n\n\n<ul class=\"wp-block-list\">\n<li>wir geben klar an, zu welchen Zwecken wir personenbezogene Daten verarbeiten. Wir tun dies in dieser Datenschutzerkl\u00e4rung;<\/li>\n\n\n\n<li>wir uns bem\u00fchen, die Erhebung personenbezogener Daten auf das zu beschr\u00e4nken, was f\u00fcr rechtm\u00e4\u00dfige Zwecke erforderlich ist;<\/li>\n\n\n\n<li>in F\u00e4llen, in denen Ihre Zustimmung erforderlich ist, bitten wir Sie zun\u00e4chst um Ihre ausdr\u00fcckliche Zustimmung zur Verarbeitung Ihrer personenbezogenen Daten;<\/li>\n\n\n\n<li>Wir ergreifen angemessene Sicherheitsma\u00dfnahmen zum Schutz Ihrer personenbezogenen Daten und verlangen das Gleiche von den Parteien, die personenbezogene Daten in unserem Auftrag verarbeiten;<\/li>\n\n\n\n<li>wir respektieren Ihr Recht, Ihre personenbezogenen Daten einzusehen, zu korrigieren oder zu l\u00f6schen, wenn Sie dies w\u00fcnschen.<\/li>\n<\/ul>\n\n\n\n<p>Wenn Sie Fragen haben oder genau wissen m\u00f6chten, welche Daten wir speichern, wenden Sie sich bitte an uns.<\/p>\n\n\n\n<h2 class=\"wp-block-heading\">Zweck, Daten und Aufbewahrungsfrist<\/h2>\n\n\n\n<p>Wir k\u00f6nnen personenbezogene Daten aus einer Reihe von Gr\u00fcnden im Zusammenhang mit unseren Gesch\u00e4ftsaktivit\u00e4ten sammeln oder erhalten, darunter die folgenden:<\/p>\n\n\n\n<h2 class=\"wp-block-heading\">Kontaktaufnahme per E-Mail oder \u00fcber das Kontaktformular auf unserer Website<\/h2>\n\n\n\n<p>Zu diesem Zweck verwenden wir die folgenden Daten:<\/p>\n\n\n\n<ul class=\"wp-block-list\">\n<li>Vorname und Nachname<\/li>\n\n\n\n<li>E-Mail Adresse<\/li>\n\n\n\n<li>Telefon-Nummer<\/li>\n<\/ul>\n\n\n\n<p><strong>Die Grundlage, auf der wir diese Daten verarbeiten k\u00f6nnen, ist:<\/strong><\/p>\n\n\n\n<p>F\u00fcr ein berechtigtes Interesse.<\/p>\n\n\n\n<p><strong>Aufbewahrungsfrist<\/strong><\/p>\n\n\n\n<p>Wir bewahren diese Daten bis zum Ende des Dienstes auf.<\/p>\n\n\n\n<h2 class=\"wp-block-heading\">Erstellung von Statistiken \u00fcber das Publikum und die Nutzung von Online-Diensten<\/h2>\n\n\n\n<p>Zu diesem Zweck verwenden wir Daten, die mit der Browsing-Aktivit\u00e4t des Nutzers auf unserer Website zusammenh\u00e4ngen: zur\u00fcckgelegte Wege, verwendete Funktionen, Datum und Dauer der Verbindung, Herkunft.<\/p>\n\n\n\n<p><strong>Die Grundlage, auf der wir diese Daten verarbeiten k\u00f6nnen, ist:<\/strong><\/p>\n\n\n\n<p>F\u00fcr ein berechtigtes Interesse.<\/p>\n\n\n\n<p><strong>Aufbewahrungsfrist<\/strong><\/p>\n\n\n\n<p>Wir bewahren diese Daten 13 Monate lang auf.<\/p>\n\n\n\n<h2 class=\"wp-block-heading\">Cookies<\/h2>\n\n\n\n<p>Unsere Website verwendet Cookies. Weitere Informationen zu Cookies finden Sie in unserer Cookie-Richtlinie.<\/p>\n\n\n\n<h2 class=\"wp-block-heading\">Daten\u00fcbertragung<\/h2>\n\n\n\n<p>Wir legen personenbezogene Daten offen, wenn wir gesetzlich oder per Gerichtsbeschluss dazu verpflichtet sind, als Reaktion auf eine Strafverfolgungsbeh\u00f6rde, im Rahmen anderer gesetzlicher Bestimmungen, zur Bereitstellung von Informationen oder f\u00fcr eine Untersuchung in einer Angelegenheit, die die \u00f6ffentliche Sicherheit betrifft.<\/p>\n\n\n\n<p>Wenn unsere Website oder unser Unternehmen \u00fcbernommen, verkauft oder in eine Fusion oder \u00dcbernahme verwickelt wird, k\u00f6nnen Ihre Daten unseren Beratern und potenziellen K\u00e4ufern gegen\u00fcber offengelegt und an die neuen Eigent\u00fcmer weitergegeben werden.<\/p>\n\n\n\n<h2 class=\"wp-block-heading\">Sicherheit<\/h2>\n\n\n\n<p>Wir verpflichten uns zur Sicherheit der personenbezogenen Daten. Wir ergreifen geeignete Sicherheitsma\u00dfnahmen, um den Missbrauch und den unbefugten Zugriff auf personenbezogene Daten zu begrenzen. Dadurch wird sichergestellt, dass nur die erforderlichen Personen Zugang zu Ihren Daten haben, dass der Zugang zu den Daten gesch\u00fctzt ist und dass unsere Sicherheitsma\u00dfnahmen regelm\u00e4\u00dfig \u00fcberpr\u00fcft werden.<\/p>\n\n\n\n<h2 class=\"wp-block-heading\">Websites von Dritten<\/h2>\n\n\n\n<p>Diese Datenschutzerkl\u00e4rung gilt nicht f\u00fcr Websites Dritter, die \u00fcber Links mit unserer Website verbunden sind. Wir k\u00f6nnen nicht garantieren, dass diese Dritten Ihre personenbezogenen Daten zuverl\u00e4ssig und sicher verwalten. Wir empfehlen Ihnen, die Datenschutzerkl\u00e4rungen dieser Websites zu lesen, bevor Sie sie nutzen.<\/p>\n\n\n\n<h2 class=\"wp-block-heading\">Ihre Rechte in Bezug auf personenbezogene Daten<\/h2>\n\n\n\n<p>Wenn Sie Fragen haben oder wissen m\u00f6chten, welche pers\u00f6nlichen Daten wir \u00fcber Sie gespeichert haben, wenden Sie sich bitte an uns. Sie k\u00f6nnen uns \u00fcber die unten stehenden Angaben kontaktieren.<\/p>\n\n\n\n<p><strong>Sie haben die folgenden Rechte:<\/strong><\/p>\n\n\n\n<ul class=\"wp-block-list\">\n<li>Sie haben das Recht zu erfahren, wozu Ihre personenbezogenen Daten ben\u00f6tigt werden, was mit ihnen geschieht und wie lange sie aufbewahrt werden.<\/li>\n\n\n\n<li>Auskunftsrecht: Sie haben das Recht, auf die personenbezogenen Daten, die wir \u00fcber Sie gespeichert haben, zuzugreifen.<\/li>\n\n\n\n<li>Recht auf Berichtigung: Sie haben das Recht, Ihre personenbezogenen Daten zu erg\u00e4nzen, zu berichtigen, zu l\u00f6schen oder zu sperren, wann immer Sie dies w\u00fcnschen.<\/li>\n\n\n\n<li>Wenn Sie uns Ihre Einwilligung zur Verarbeitung Ihrer Daten gegeben haben, haben Sie das Recht, diese Einwilligung zu widerrufen und Ihre personenbezogenen Daten l\u00f6schen zu lassen.<\/li>\n\n\n\n<li>Recht auf Daten\u00fcbertragbarkeit: Sie haben das Recht, alle Ihre personenbezogenen Daten von dem f\u00fcr die Verarbeitung Verantwortlichen anzufordern und sie in ihrer Gesamtheit an einen anderen f\u00fcr die Verarbeitung Verantwortlichen zu \u00fcbertragen.<\/li>\n\n\n\n<li>Recht auf Widerspruch: Sie k\u00f6nnen gegen die Verarbeitung Ihrer Daten Widerspruch einlegen. Wir werden dem nachkommen, es sei denn, es liegen berechtigte Gr\u00fcnde f\u00fcr die Verarbeitung vor.<\/li>\n<\/ul>\n\n\n\n<p>Achten Sie darauf, dass Sie immer klar angeben, wer Sie sind, damit wir sicher sein k\u00f6nnen, dass wir nicht die Daten der falschen Person \u00e4ndern oder l\u00f6schen.<\/p>\n\n\n\n<h2 class=\"wp-block-heading\">Kontakt<\/h2>\n\n\n\n<p>Wenn Sie Fragen und\/oder Anmerkungen zu unserer Cookie-Politik und dieser Erkl\u00e4rung haben, kontaktieren Sie uns bitte unter den folgenden Angaben:<\/p>\n\n\n\n<p>CERTIFER S.A.<br>18, Rue Edmond Membr\u00e9e<br>CS 40141<br>59308 Valenciennes, Frankreich<br>+33 3 27 28 35 00<br>contact@certifer.eu<br>https:\/\/www.certifer.eu<br><\/p>\n\n\r\n\t<\/div>\r\n<\/div>\r\n    \n        \t<\/div>\r\n<\/div>\r\n    ","protected":false},"excerpt":{"rendered":"","protected":false},"author":2,"featured_media":0,"parent":0,"menu_order":0,"comment_status":"closed","ping_status":"open","template":"template-legal.php","meta":{"_acf_changed":false,"inline_featured_image":false,"footnotes":""},"class_list":["post-5283","page","type-page","status-publish","hentry"],"acf":[],"_links":{"self":[{"href":"https:\/\/www.certifer.eu\/de\/wp-json\/wp\/v2\/pages\/5283","targetHints":{"allow":["GET"]}}],"collection":[{"href":"https:\/\/www.certifer.eu\/de\/wp-json\/wp\/v2\/pages"}],"about":[{"href":"https:\/\/www.certifer.eu\/de\/wp-json\/wp\/v2\/types\/page"}],"author":[{"embeddable":true,"href":"https:\/\/www.certifer.eu\/de\/wp-json\/wp\/v2\/users\/2"}],"replies":[{"embeddable":true,"href":"https:\/\/www.certifer.eu\/de\/wp-json\/wp\/v2\/comments?post=5283"}],"version-history":[{"count":2,"href":"https:\/\/www.certifer.eu\/de\/wp-json\/wp\/v2\/pages\/5283\/revisions"}],"predecessor-version":[{"id":5470,"href":"https:\/\/www.certifer.eu\/de\/wp-json\/wp\/v2\/pages\/5283\/revisions\/5470"}],"wp:attachment":[{"href":"https:\/\/www.certifer.eu\/de\/wp-json\/wp\/v2\/media?parent=5283"}],"curies":[{"name":"wp","href":"https:\/\/api.w.org\/{rel}","templated":true}]}}

<div  class="keblk keblk-v-align-top keblock-section-lame responsive is-padded bg-none "   style=""  id="">
	
		<div class="block-content">
                    
<div  class="keblk keblk-v-align-top keblock-text" >
	
		
	<div class="block-content">	
	

<p>In dieser Datenschutzerklärung erläutern wir, was wir mit den Daten tun, die wir über https://www.certifer.eu über Sie erhalten. Wir empfehlen Ihnen, diese Erklärung sorgfältig zu lesen. Bei der Verarbeitung Ihrer Daten halten wir uns an die Anforderungen der Datenschutzgesetze.</p>



<p>Dies bedeutet unter anderem, dass:</p>



<ul class="wp-block-list">
<li>wir geben klar an, zu welchen Zwecken wir personenbezogene Daten verarbeiten. Wir tun dies in dieser Datenschutzerklärung;</li>



<li>wir uns bemühen, die Erhebung personenbezogener Daten auf das zu beschränken, was für rechtmäßige Zwecke erforderlich ist;</li>



<li>in Fällen, in denen Ihre Zustimmung erforderlich ist, bitten wir Sie zunächst um Ihre ausdrückliche Zustimmung zur Verarbeitung Ihrer personenbezogenen Daten;</li>



<li>Wir ergreifen angemessene Sicherheitsmaßnahmen zum Schutz Ihrer personenbezogenen Daten und verlangen das Gleiche von den Parteien, die personenbezogene Daten in unserem Auftrag verarbeiten;</li>



<li>wir respektieren Ihr Recht, Ihre personenbezogenen Daten einzusehen, zu korrigieren oder zu löschen, wenn Sie dies wünschen.</li>
</ul>



<p>Wenn Sie Fragen haben oder genau wissen möchten, welche Daten wir speichern, wenden Sie sich bitte an uns.</p>



<h2 class="wp-block-heading">Zweck, Daten und Aufbewahrungsfrist</h2>



<p>Wir können personenbezogene Daten aus einer Reihe von Gründen im Zusammenhang mit unseren Geschäftsaktivitäten sammeln oder erhalten, darunter die folgenden:</p>



<h2 class="wp-block-heading">Kontaktaufnahme per E-Mail oder über das Kontaktformular auf unserer Website</h2>



<p>Zu diesem Zweck verwenden wir die folgenden Daten:</p>



<ul class="wp-block-list">
<li>Vorname und Nachname</li>



<li>E-Mail Adresse</li>



<li>Telefon-Nummer</li>
</ul>



<p><strong>Die Grundlage, auf der wir diese Daten verarbeiten können, ist:</strong></p>



<p>Für ein berechtigtes Interesse.</p>



<p><strong>Aufbewahrungsfrist</strong></p>



<p>Wir bewahren diese Daten bis zum Ende des Dienstes auf.</p>



<h2 class="wp-block-heading">Erstellung von Statistiken über das Publikum und die Nutzung von Online-Diensten</h2>



<p>Zu diesem Zweck verwenden wir Daten, die mit der Browsing-Aktivität des Nutzers auf unserer Website zusammenhängen: zurückgelegte Wege, verwendete Funktionen, Datum und Dauer der Verbindung, Herkunft.</p>



<p><strong>Die Grundlage, auf der wir diese Daten verarbeiten können, ist:</strong></p>



<p>Für ein berechtigtes Interesse.</p>



<p><strong>Aufbewahrungsfrist</strong></p>



<p>Wir bewahren diese Daten 13 Monate lang auf.</p>



<h2 class="wp-block-heading">Cookies</h2>



<p>Unsere Website verwendet Cookies. Weitere Informationen zu Cookies finden Sie in unserer Cookie-Richtlinie.</p>



<h2 class="wp-block-heading">Datenübertragung</h2>



<p>Wir legen personenbezogene Daten offen, wenn wir gesetzlich oder per Gerichtsbeschluss dazu verpflichtet sind, als Reaktion auf eine Strafverfolgungsbehörde, im Rahmen anderer gesetzlicher Bestimmungen, zur Bereitstellung von Informationen oder für eine Untersuchung in einer Angelegenheit, die die öffentliche Sicherheit betrifft.</p>



<p>Wenn unsere Website oder unser Unternehmen übernommen, verkauft oder in eine Fusion oder Übernahme verwickelt wird, können Ihre Daten unseren Beratern und potenziellen Käufern gegenüber offengelegt und an die neuen Eigentümer weitergegeben werden.</p>



<h2 class="wp-block-heading">Sicherheit</h2>



<p>Wir verpflichten uns zur Sicherheit der personenbezogenen Daten. Wir ergreifen geeignete Sicherheitsmaßnahmen, um den Missbrauch und den unbefugten Zugriff auf personenbezogene Daten zu begrenzen. Dadurch wird sichergestellt, dass nur die erforderlichen Personen Zugang zu Ihren Daten haben, dass der Zugang zu den Daten geschützt ist und dass unsere Sicherheitsmaßnahmen regelmäßig überprüft werden.</p>



<h2 class="wp-block-heading">Websites von Dritten</h2>



<p>Diese Datenschutzerklärung gilt nicht für Websites Dritter, die über Links mit unserer Website verbunden sind. Wir können nicht garantieren, dass diese Dritten Ihre personenbezogenen Daten zuverlässig und sicher verwalten. Wir empfehlen Ihnen, die Datenschutzerklärungen dieser Websites zu lesen, bevor Sie sie nutzen.</p>



<h2 class="wp-block-heading">Ihre Rechte in Bezug auf personenbezogene Daten</h2>



<p>Wenn Sie Fragen haben oder wissen möchten, welche persönlichen Daten wir über Sie gespeichert haben, wenden Sie sich bitte an uns. Sie können uns über die unten stehenden Angaben kontaktieren.</p>



<p><strong>Sie haben die folgenden Rechte:</strong></p>



<ul class="wp-block-list">
<li>Sie haben das Recht zu erfahren, wozu Ihre personenbezogenen Daten benötigt werden, was mit ihnen geschieht und wie lange sie aufbewahrt werden.</li>



<li>Auskunftsrecht: Sie haben das Recht, auf die personenbezogenen Daten, die wir über Sie gespeichert haben, zuzugreifen.</li>



<li>Recht auf Berichtigung: Sie haben das Recht, Ihre personenbezogenen Daten zu ergänzen, zu berichtigen, zu löschen oder zu sperren, wann immer Sie dies wünschen.</li>



<li>Wenn Sie uns Ihre Einwilligung zur Verarbeitung Ihrer Daten gegeben haben, haben Sie das Recht, diese Einwilligung zu widerrufen und Ihre personenbezogenen Daten löschen zu lassen.</li>



<li>Recht auf Datenübertragbarkeit: Sie haben das Recht, alle Ihre personenbezogenen Daten von dem für die Verarbeitung Verantwortlichen anzufordern und sie in ihrer Gesamtheit an einen anderen für die Verarbeitung Verantwortlichen zu übertragen.</li>



<li>Recht auf Widerspruch: Sie können gegen die Verarbeitung Ihrer Daten Widerspruch einlegen. Wir werden dem nachkommen, es sei denn, es liegen berechtigte Gründe für die Verarbeitung vor.</li>
</ul>



<p>Achten Sie darauf, dass Sie immer klar angeben, wer Sie sind, damit wir sicher sein können, dass wir nicht die Daten der falschen Person ändern oder löschen.</p>



<h2 class="wp-block-heading">Kontakt</h2>



<p>Wenn Sie Fragen und/oder Anmerkungen zu unserer Cookie-Politik und dieser Erklärung haben, kontaktieren Sie uns bitte unter den folgenden Angaben:</p>



<p>CERTIFER S.A.<br>18, Rue Edmond Membrée<br>CS 40141<br>59308 Valenciennes, Frankreich<br>+33 3 27 28 35 00<br>contact@certifer.eu<br>https://www.certifer.eu<br></p>


	</div>
</div>
    
        	</div>
</div>
